*z - 38 = 0. List the prime factors of z.
19
Let y be (-814)/(-18) + 14/(-63). Suppose -6*k + 9*k - y = 0. What are the prime factors of k?
3, 5
Suppose v + 3*g = -5, 2*v - g = -v + 5. Let l(i) = 14*i**3 - i + 1. What are the prime factors of l(v)?
2, 7
Suppose 3*d - 2*d = 3. Let a be (10/3)/(d/9). Suppose 0 = -0*b - 2*b + a. What are the prime factors of b?
5
Suppose 2*n - 3 = n, 3*r - n = 126. What are the prime factors of r?
43
Let a = 138 - -94. List the prime factors of a.
2, 29
Let r be (0 + -1)/(2/(-4)). Suppose -2*k + r*s - s - 20 = 0, 36 = -5*k - s. Let c = -5 - k. What are the prime factors of c?
3
Let t be (0/(-1) - -2)*67. Suppose -44 = 5*m - t. List the prime factors of m.
2, 3
Suppose -v = -3*i + 2, -v + 0*i = 2*i + 2. Let r(t) = -11*t + 1. List the prime factors of r(v).
23
Let v be (-70)/(-21) + 1/(-3). Suppose m + 3*m - 148 = -4*w, -v*m + 3*w + 141 = 0. What are the prime factors of m?
2, 3, 7
Let k = 180 + -65. Suppose 3*h - 17 = k. List the prime factors of h.
2, 11
Suppose 0 = 3*i + q - 25, -i + 2*q - q + 11 = 0. Suppose 0 - i = -n. What are the prime factors of n?
3
Let q be 16/(-6) - 2/6. Let g be 55/(-2) + q/(-6). Let d = -15 - g. What are the prime factors of d?
2, 3
Suppose 3*j + 2 = j. Let q = j - -3. Suppose 0*k + q*h = -3*k + 13, 5*k - h = 26. List the prime factors of k.
5
Let s = 7 - 5. Suppose s*w - 2*i = -i + 18, -2*i = 2*w - 12. What are the prime factors of w?
2
Let j(g) = 26*g**2 - g - 1. List the prime factors of j(-1).
2, 13
Suppose 0 = -3*h + 2 - 14. Let x(k) = -k - 2. List the prime factors of x(h).
2
Suppose 6*b + 4*w = 4*b + 16, b = 2*w + 20. Let m = 29 - b. List the prime factors of m.
3, 5
Let h = -2 - 1. Let x(a) = -a + 2. Let b(u) = -2*u + 3. Let l(c) = 4*b(c) - 5*x(c). What are the prime factors of l(h)?
11
Suppose c = f - 58 + 179, -c = -5*f - 597. Let o = f + 174. List the prime factors of o.
5, 11
List the prime factors of 3/18 + (-443)/(-6).
2, 37
Suppose 0*j = -2*j - 4. Let s = 7 - j. What are the prime factors of s?
3
Suppose l + 4*q + 0*q - 21 = 0, -4*l - 3*q + 58 = 0. Let d = l + 28. What are the prime factors of d?
41
Suppose -4*a + 3*a = -1, -5*a + 2 = -y. Suppose -y*v - 3 = 0, -f - 3 = -5*v - 8. Suppose -3*b + 3*s + 13 + 26 = f, 2*b + 5*s = 47. List the prime factors of b.
2
Let u = -1 + 5. What are the prime factors of u + -3 - 3 - -15?
13
Let d = 6 + -4. List the prime factors of ((-8)/(-12))/(d/132).
2, 11
Let v = 3 - -1. Let u(r) = -r**2 - 7*r - 7. Let k be u(-6). Let p = k + v. List the prime factors of p.
3
Suppose -8*d = 4*y - 3*d + 3, 5*d = 3*y - 24. Suppose -3*j = 4*f - 102, 0*f - y*j = -3*f + 66. Suppose -4*u + f = -u. What are the prime factors of u?
2
Let w(t) = -t**3 + 3*t**2. Let k be w(3). Suppose k*j + j + 3 = 0. Let b = j + 15. What are the prime factors of b?
2, 3
Let p(l) = -l + 10. Let q be p(7). Suppose -q*r + 13 = c - r, -4*r = -8. What are the prime factors of c?
3
Let p = -18 - -19. Suppose -3*h = p - 16. What are the prime factors of h?
5
Suppose 24 = -4*s - 3*p, 4*p = -4*s - p - 32. Let c(v) = -6 - 2*v**2 + 10 - v**3 + v + 2*v. What are the prime factors of c(s)?
2
Let t(h) = h + 11. Suppose 3*y = -0*y + 21. Suppose 2*f = y*f. List the prime factors of t(f).
11
Suppose 0 = 3*r - 12, -6*r = -4*f - 2*r. Suppose f*k = 62 - 10. List the prime factors of k.
13
List the prime factors of 7 + -4 - 6/(24/(-860)).
2, 109
Suppose i + 34 = 2*i. Let l = i - 2. Let w = l + -21. What are the prime factors of w?
11
Let v(q) = q**2 + 7*q - 11. List the prime factors of v(7).
3, 29
Suppose 2 = 5*u - 3. List the prime factors of u*22 - (6 + -6).
2, 11
Suppose -3*s - 1 = l - 2*s, 2*l + 22 = 3*s. Let o = 1 - l. Suppose -2*p + 2*n + 2 + o = 0, -p = -2*n - 2. List the prime factors of p.
2, 3
Suppose 4*i = -g + 9 + 19, -22 = -4*g + 2*i. What are the prime factors of g?
2
Let z = -50 - -27. Let c = 0 - z. What are the prime factors of c?
23
What are the prime factors of (-1 + 5 + 2)*14?
2, 3, 7
What are the prime factors of 1401/9 + (-4)/6?
5, 31
Suppose 2*s - 155 = 719. What are the prime factors of s?
19, 23
Let h be -4*(5/(-2) - -2). Suppose 0 = 5*y + 7 - 32. Suppose 11 = y*m + 3*f + 2, h = -f. List the prime factors of m.
3
Suppose -2*p - 2*m = -2, -3*m - 3 = -p - 6*m. Let z be 1 + p + (15 - 0). Let t = 24 - z. What are the prime factors of t?
2
Let j(x) = -4*x + 25. Let k be j(-10). Let u = 15 + -9. Suppose -k = -u*g + g. What are the prime factors of g?
13
Suppose -8*k + 3*k - 5*s + 40 = 0, 4*k + s - 41 = 0. Let r = k - -1. Suppose -r - 23 = -5*v. List the prime factors of v.
7
What are the prime factors of -2*(-180)/32*4?
3, 5
Let l be (16/3)/(2/(-9)). Let f be (-2)/2 + l + 3. Let a = -15 - f. List the prime factors of a.
7
Let k = 29 + -18. List the prime factors of k.
11
Let w = -8 - -6. Let d = w + 5. Suppose -4*f = -d*f - 9. List the prime factors of f.
3
Suppose 2*s = -7*s + 171. List the prime factors of s.
19
Let t(i) be the second derivative of -i**3/2 - 9*i**2/2 + 5*i. What are the prime factors of t(-10)?
3, 7
Suppose c + c - 8 = 0. Suppose -2*v - 54 = -4*n, -v + c = n - 2. What are the prime factors of (-1)/(n/(-10) - -1)?
2, 5
Suppose -5*w - 4*n + 327 = 0, 2*n - 75 = -w - 2*n. List the prime factors of w.
3, 7
Let w(f) = -3 + 8 - f**3 + 8 + 8*f**2 - 4. List the prime factors of w(8).
3
Let c = 3 + 2. Suppose 3*t = -2*g + 118, -5*t - g + 113 = -2*t. Suppose 64 + t = c*i. What are the prime factors of i?
2, 5
Suppose -238 = -4*d + 98. List the prime factors of d.
2, 3, 7
What are the prime factors of 12/18*(36 - 0)?
2, 3
Let j be ((-1)/(-2))/(2/8). Let h(b) = 4*b**3 - 16*b**2 + b - 3. Let d(u) = -u**3 + 4*u**2 + 1. Let k(y) = j*h(y) + 9*d(y). What are the prime factors of k(4)?
11
Let n(t) = 4*t**2 + 4*t + 4. List the prime factors of n(-1).
2
Suppose 65 = 3*r - 4*r - 5*g, -5*r + 5*g = 355. Let t = -41 - r. What are the prime factors of t?
29
Let t = 357 + -167. What are the prime factors of t?
2, 5, 19
Let u(p) = -5*p**2 - 3*p - 3. Let d be u(-2). Suppose -z + 2*m - 3 = 0, 3*m + 42 = -5*z + 4*m. Let f = z - d. List the prime factors of f.
2
Suppose -2*k = -2*v, -v - 2*v + 4*k = 0. Suppose v = -2*s - 3 + 9. What are the prime factors of s?
3
Let n(l) = l + 2. Let b(d) = -d + 4. Let z be b(6). Let w be n(z). Suppose w = -2*k - 0*k + 8. List the prime factors of k.
2
Suppose 0 = q - 3*q + 10. Let m(c) = -2*c + 6*c - 2*c. What are the prime factors of m(q)?
2, 5
Let c = 2 + -5. List the prime factors of 69/9 - (-2)/c.
7
Suppose 17 + 18 = -5*b. List the prime factors of -1 - b/(14/8).
3
Let g(t) = -t**2 - 10*t - 1. Suppose -3*i + 3*s = 27, 2*s + 4 - 10 = 0. List the prime factors of g(i).
23
Let g(m) = 5*m**2 - 6*m - 7. What are the prime factors of g(-3)?
2, 7
Let j = 22 - 19. What are the prime factors of 6*j/6 + 27?
2, 3, 5
Let z be (-2)/(-4)*(24 - 2). Let m = -19 + 24. Let b = z - m. What are the prime factors of b?
2, 3
Suppose -2*q - 49 = -3*b + 55, -3*b = 5*q - 97. Let f be b/10 + (-6)/15. Suppose -3*v + 4*v = -f*i + 15, 2*v = -3*i + 12. What are the prime factors of i?
2, 3
Let n(j) be the third derivative of -2/3*j**3 + 0 - j**2 + 1/12*j**4 + 0*j + 1/30*j**5. What are the prime factors of n(-4)?
2, 5
Suppose -3*b + 3 = 0, -6 = -4*x - 2*b + 8. Let k(l) = l**2 + 11*l + 7. Let f be k(-11). Suppose -q - 4 = -u - 1, -2*u + f = -x*q. List the prime factors of u.
2
Let n be 348/(-42) - 4/(-14). What are the prime factors of (-20)/(-7)*(-28)/n?
2, 5
Let d = -1 - 11. Let p = d - -29. What are the prime factors of p?
17
Let x(c) = -15*c + 1. Let n(b) = -4 - 2*b**2 - 1 - b - b**3 - b**2 + 4*b. Let i be n(-4). What are the prime factors of x(i)?
2
Suppose -6*r + 2*r = -y - 16, r = y + 1. Let x(k) = k**2 - 6*k + y*k**2 + 4*k**2 - 9 - k**3. What are the prime factors of x(8)?
7
Let y(l) = -l - 7. Let q be y(-5). List the prime factors of 1638/30 + q/(-5).
5, 11
Suppose -5*j + 75 = -5. List the prime factors of j.
2
Suppose -5*c = d - 745, -4*c + d = c - 735. List the prime factors of c.
2, 37
Let j(g) = -g**2 + 2*g. Let o be j(2). Suppose k + l + 2*l - 15 = 0, o = k + 5*l - 7. What are the prime factors of k?
3
What are the prime factors of 8 - 6 - (1 - 16)?
17
Let q be 54/24 + 2/(-8). Suppose 24 = -0*v + q*v. List the prime factors of v.
2, 3
Let v = 4 - 2. Suppose u + v*